{"id":768,"date":"2018-08-31T16:10:38","date_gmt":"2018-08-31T19:10:38","guid":{"rendered":"https:\/\/isp26-sfe.infd.edu.ar\/sitio\/autoridades\/"},"modified":"2019-12-12T20:58:47","modified_gmt":"2019-12-12T23:58:47","slug":"autoridades","status":"publish","type":"page","link":"https:\/\/isp26-sfe.infd.edu.ar\/sitio\/autoridades\/","title":{"rendered":"Autoridades"},"content":{"rendered":"<p>Actualmente la Directora del ISP n\u00b0 26 \u00c1ngela Peralta Pino es la\u00a0 <em><strong>Profa.\u00a0 <a href=\"https:\/\/www.facebook.com\/silvina.demichelis.144\/photos?lst=100002355693288%3A100004697915192%3A1576194551\">Silvina Demichelis<\/a><\/strong><\/em><\/p>\n<p>Acompa\u00f1a la gesti\u00f3n el <em><strong>Consejo Acad\u00e9mico\u00a0<\/strong><\/em>conformado por los Jefes de Secci\u00f3n de cada Carrera, el presidente del Centro de Estudiantes y el Representante del cuerpo docente.<\/p>\n<p>&nbsp;<\/p>\n","protected":false},"excerpt":{"rendered":"<p>Actualmente la Directora del ISP n\u00b0 26 \u00c1ngela Peralta Pino es la\u00a0 Profa.\u00a0 Silvina Demichelis Acompa\u00f1a la gesti\u00f3n el Consejo Acad\u00e9mico\u00a0conformado por los Jefes de Secci\u00f3n de cada Carrera, el presidente del Centro de Estudiantes y el Representante del cuerpo docente. &nbsp;<\/p>\n","protected":false},"author":164,"featured_media":0,"parent":0,"menu_order":0,"comment_status":"closed","ping_status":"closed","template":"","meta":[],"acf":[],"_links":{"self":[{"href":"https:\/\/isp26-sfe.infd.edu.ar\/sitio\/wp-json\/wp\/v2\/pages\/768"}],"collection":[{"href":"https:\/\/isp26-sfe.infd.edu.ar\/sitio\/wp-json\/wp\/v2\/pages"}],"about":[{"href":"https:\/\/isp26-sfe.infd.edu.ar\/sitio\/wp-json\/wp\/v2\/types\/page"}],"author":[{"embeddable":true,"href":"https:\/\/isp26-sfe.infd.edu.ar\/sitio\/wp-json\/wp\/v2\/users\/164"}],"replies":[{"embeddable":true,"href":"https:\/\/isp26-sfe.infd.edu.ar\/sitio\/wp-json\/wp\/v2\/comments?post=768"}],"version-history":[{"count":3,"href":"https:\/\/isp26-sfe.infd.edu.ar\/sitio\/wp-json\/wp\/v2\/pages\/768\/revisions"}],"predecessor-version":[{"id":821,"href":"https:\/\/isp26-sfe.infd.edu.ar\/sitio\/wp-json\/wp\/v2\/pages\/768\/revisions\/821"}],"wp:attachment":[{"href":"https:\/\/isp26-sfe.infd.edu.ar\/sitio\/wp-json\/wp\/v2\/media?parent=768"}],"curies":[{"name":"wp","href":"https:\/\/api.w.org\/{rel}","templated":true}]}}