{"id":770,"date":"2018-08-31T16:10:38","date_gmt":"2018-08-31T19:10:38","guid":{"rendered":"https:\/\/isp26-sfe.infd.edu.ar\/sitio\/historia\/"},"modified":"2019-12-12T21:39:14","modified_gmt":"2019-12-13T00:39:14","slug":"historia","status":"publish","type":"page","link":"https:\/\/isp26-sfe.infd.edu.ar\/sitio\/historia\/","title":{"rendered":"Historia"},"content":{"rendered":"<p><span style=\"font-family: arial,helvetica,sans-serif; color: #cc6600; font-size: 12pt;\"><strong>\u00a0<span style=\"font-size: 14pt;\">Historia del Instituto.<\/span><\/strong> <\/span><\/p>\n<p><span style=\"font-size: 14pt;\">\u00a0\u00a0 <\/span><span style=\"font-size: 12pt;\">El Instituto Superior del Profesorado n\u00b026,\u00a0 fu\u00e9 creado el 15 de Abril de 1985 por disposici\u00f3n N\u00b0 663\/85 del M.E.C.\u00a0 de la Provincia de Santa Fe.\u00a0<\/span><span style=\"font-size: 12pt;\">Hasta ese momento, la localidad de Ceres no contaba con un instituto de nivel terciario.\u00a0 Algunos actores pol\u00edticos y educativos de la comunidad comenzaron con las gestiones para la apertura de una instituci\u00f3n que brindara posibilidades a los estudiantes egresados de las escuelas secundarias, con el principal fundamento que tal situaci\u00f3n profundizaba las\u00a0 desigualdades en el territorio de la provincia. Solo los j\u00f3venes, cuya situaci\u00f3n econ\u00f3mica familiar les permit\u00eda , pod\u00edan proseguir sus estudios superiores, en lugares como C\u00f3rdoba, Santa Fe o Rosario. Esto generaba que grandes grupos de egresados de colegios secundarios de\u00a0 la regi\u00f3n\u00a0 no tuvieran esa posibilidad y al mismo tiempo los obligaba a engrosar las estad\u00edsticas de desocupados o a dedicarse a tareas con remuneraci\u00f3n baja para las que no hab\u00edan sido preparados, lo que los frustraba en su desarrollo social.<\/span><\/p>\n<p>&nbsp;<\/p>\n","protected":false},"excerpt":{"rendered":"<p>\u00a0Historia del Instituto. \u00a0\u00a0 El Instituto Superior del Profesorado n\u00b026,\u00a0 fu\u00e9 creado el 15 de Abril de 1985 por disposici\u00f3n N\u00b0 663\/85 del M.E.C.\u00a0 de la Provincia de Santa Fe.\u00a0Hasta ese momento, la localidad de Ceres no contaba con un instituto de nivel terciario.\u00a0 Algunos actores pol\u00edticos y educativos de la comunidad comenzaron con las &#8230; <a title=\"Historia\" class=\"read-more\" href=\"https:\/\/isp26-sfe.infd.edu.ar\/sitio\/historia\/\" aria-label=\"More on Historia\">[+]<\/a><\/p>\n","protected":false},"author":164,"featured_media":0,"parent":0,"menu_order":0,"comment_status":"closed","ping_status":"closed","template":"","meta":[],"acf":[],"_links":{"self":[{"href":"https:\/\/isp26-sfe.infd.edu.ar\/sitio\/wp-json\/wp\/v2\/pages\/770"}],"collection":[{"href":"https:\/\/isp26-sfe.infd.edu.ar\/sitio\/wp-json\/wp\/v2\/pages"}],"about":[{"href":"https:\/\/isp26-sfe.infd.edu.ar\/sitio\/wp-json\/wp\/v2\/types\/page"}],"author":[{"embeddable":true,"href":"https:\/\/isp26-sfe.infd.edu.ar\/sitio\/wp-json\/wp\/v2\/users\/164"}],"replies":[{"embeddable":true,"href":"https:\/\/isp26-sfe.infd.edu.ar\/sitio\/wp-json\/wp\/v2\/comments?post=770"}],"version-history":[{"count":2,"href":"https:\/\/isp26-sfe.infd.edu.ar\/sitio\/wp-json\/wp\/v2\/pages\/770\/revisions"}],"predecessor-version":[{"id":828,"href":"https:\/\/isp26-sfe.infd.edu.ar\/sitio\/wp-json\/wp\/v2\/pages\/770\/revisions\/828"}],"wp:attachment":[{"href":"https:\/\/isp26-sfe.infd.edu.ar\/sitio\/wp-json\/wp\/v2\/media?parent=770"}],"curies":[{"name":"wp","href":"https:\/\/api.w.org\/{rel}","templated":true}]}}